 Let t = 0 + z. Calculate the remainder when f(-1) is divided by t.
13
Let m(h) = -51*h + 1. Let v be m(1). Let b = -32 - v. What is the remainder when 71 is divided by b?
17
Let k = -352 - -652. Calculate the remainder when ((-4)/6)/((-5)/k) is divided by 2/(-3)*63/(-2).
19
Let b = -446 - -676. What is the remainder when b is divided by 8?
6
Let p be (-17)/4 - 1/8*-2. Let t(h) = -4*h + 16. What is the remainder when t(p) is divided by 7?
4
Let p(o) = 79*o + 178. What is the remainder when p(0) is divided by 30?
28
Let l(f) = 7*f + 3. Suppose -4*y + 3*n = -18, -6*y + 4*y - n = -4. Suppose -y*s = -0*s - 42. Calculate the remainder when l(3) is divided by s.
10
Let c = 12 + 2. Let m = c + -9. Suppose -8*l + 62 + 82 = 0. Calculate the remainder when l is divided by m.
3
What is the remainder when 185 is divided by 7/(133/38*(-2)/(-14))?
3
Suppose -3039 = 26*r - 8889. Calculate the remainder when r is divided by 80.
65
Let k(p) = 21*p**2 + 6*p + 9. Let a(n) be the first derivative of n**3/3 - 4*n + 1. Calculate the remainder when k(-2) is divided by a(-5).
18
Let m(y) = 2*y**2 - 9*y - 11. Let b(x) = -x**2 + 4*x + 6. Let a(u) = -5*b(u) - 2*m(u). Calculate the remainder when a(11) is divided by 31.
29
Let b(n) = n**2 - 3. Calculate the remainder when 55*(-24)/(-60) + 0 is divided by b(4).
9
Suppose -k + 0 = -3. Suppose -2*t = -0*t, k*y + 4*t - 66 = 0. Calculate the remainder when 85 is divided by y.
19
Let a(d) = -15 - d**2 + 6 + 6 - 15 + 10*d. Let s be a(6). Suppose -t - 60 = -s*t. What is the remainder when 23 is divided by t?
11
Let m be 3773/(-55) - (-4)/((-20)/(-3)). Let t = -16 - m. Let y(l) = -19*l**3 - l**2. What is the remainder when t is divided by y(-1)?
16
Suppose 4*y - 49 + 5 = -2*c, 2*c - 3*y = 23. Let q(n) = -n**2 - 12*n - 4. What is the remainder when q(-5) is divided by c?
15
Let s = 70 - 49. Calculate the remainder when 248 is divided by s.
17
Suppose 5*u + 6*c = c, 0 = 4*u - c. Let k(d) = 0*d - 5*d - d**2 - 3*d + u*d**2. Calculate the remainder when k(-6) is divided by 7.
5
Suppose -13*c + 14*c - 337 = -4*t, -20 = -4*c. Calculate the remainder when t is divided by 29.
25
Let y = 53 - 31. Calculate the remainder when y is divided by 60/3 - (-10)/(10/(-7)).
9
Suppose 338*n - 327*n - 121 = 0. Calculate the remainder when 625 is divided by n.
9
Let i(p) = p**2 - p - 11. Let o be i(-5). Let x = o - -131. Calculate the remainder when x is divided by 19.
17
Let o(k) = k**3 + 7*k**2 - 8*k + 9. Suppose -4*p = -1 - 19. What is the remainder when o(p) is divided by 17?
14
Suppose 3*p - 2*z = 3*z + 156, -2*z + 135 = 3*p. What is the remainder when p is divided by -16*(-3 + 18/8)?
11
Suppose -3*m - m = -20. Suppose 3*t - 3*p - 114 = 0, 2 - m = p. Suppose -4*f + 1 + t = 0. Calculate the remainder when 35 is divided by f.
8
Suppose -855 = -19*p + 4*p. Calculate the remainder when p is divided by 15.
12
Let t = 95 - 59. What is the remainder when 537 is divided by t?
33
Suppose 4*w - 160 - 112 = 4*i, 0 = -4*w - i + 272. What is the remainder when w is divided by 35?
33
Let g(t) = t**2 + 3*t. Let i be g(-3). Let v = 5 - i. Suppose 104 + 56 = v*b. What is the remainder when b is divided by 7?
4
What is the remainder when ((-36)/(-20))/((-7180)/(-1025) + -7) is divided by 25?
19
Suppose 0 = 85*a - 64*a - 630. What is the remainder when 185 is divided by a?
5
Suppose -s - 3*k = -94, -s + 5 + 64 = -2*k. Calculate the remainder when s is divided by 42.
37
Suppose -6*b + 3*b = 21. Let d = 14 + b. Calculate the remainder when 21 is divided by d.
0
Let s(x) = 477*x - 3313. Let t(m) = m**2 + 2*m - 6. Calculate the remainder when s(7) is divided by t(-6).
8
Let j(v) = -v**3 + v**2 + v - 88. Let n be j(0). Suppose 17 = 3*s + 4*u - 6*u, u = 4*s - 31. Calculate the remainder when 18/(-30) - n/5 is divided by s.
8
Let n(y) = -y**2 + 22*y + 4. Let t be n(22). Let z = t - -17. What is the remainder when 34 is divided by z?
13
Let j be (-4 - (0 - -63)) + 3. Let o = -48 - j. Let i(c) = 17*c**2 + 4*c + 2. Calculate the remainder when i(-2) is divided by o.
14
Let o = -45 - -61. Let t = o + -11. Calculate the remainder when t is divided by 4.
1
Suppose 86 = 4*i - 70. Calculate the remainder when -2 - (-197 - (-10)/5) is divided by i.
37
Let c(i) = -4*i - 4. Let g(t) = -3 + t + 4*t**2 + 0*t + 21*t**2. Calculate the remainder when g(2) is divided by c(-6).
19
Suppose -3*n + 74 = -52. Let v = n + -30. Suppose -2*q + 47 = -q. What is the remainder when q is divided by v?
11
Suppose -41 + 5 = -6*y. Calculate the remainder when y is divided by 4.
2
Suppose -8*l + 1656 = 16*l. Calculate the remainder when 409 is divided by l.
64
Suppose -17 = -s + 504. Calculate the remainder when s is divided by 29.
28
Let u = 19 + -11. Suppose 0 = -2*y - 3*a + 18, -4*a + u = -4*y + a. Let k(d) = 12*d - 67. What is the remainder when k(6) is divided by y?
2
Let d = -23 + 39. Calculate the remainder when 90 is divided by 2/d + (-103)/(-8).
12
Let s be (-72)/15*(-20)/6. Let n be (-9)/24 + (-1782)/(-16). Suppose p - 5 = j + s, 5*p + j = n. What is the remainder when p is divided by 12?
10
Let q(g) = 3. Let t(w) = 51*w - 17. Let m(j) = -6*q(j) - t(j). Let h = 1 - 2. Calculate the remainder when m(h) is divided by 18.
14
Suppose -18*g = -1360 + 442. Calculate the remainder when g is divided by 9.
6
Suppose 21*p - 18*p - 69 = 0. Calculate the remainder when 274 is divided by p.
21
Suppose 0 = 5*r - 7*r - 5*x + 57, 3*r = 4*x + 28. Calculate the remainder when r is divided by 6.
4
Suppose -b + 144 = 2*b. Suppose 0 = -3*w + b + 69. Let k = -28 - -42. What is the remainder when w is divided by k?
11
Let v be 2/(-2) + 12/(-4). Let p be 2/((16/(-12))/v). Suppose -p*n - 315 = -11*n. Calculate the remainder when n is divided by 33.
30
Let v be 722/8 - (3 + (-66)/24). Let q = -81 + v. What is the remainder when q is divided by 3?
0
Let r(f) = -f**3 - 12*f**2 - 14*f - 13. Let m be r(-12). Let i(s) = -2*s + 1. Calculate the remainder when m/8 - 30/80 is divided by i(-5).
8
Let y = 346 + -199. Let f = y - 68. Calculate the remainder when f is divided by 27.
25
Suppose 0 = -4*v, 2*g - 5*v = -3*g + 325. Let f = g - 41. Calculate the remainder when 66 is divided by f.
18
What is the remainder when ((-11)/2)/(-11) - (-618)/4 is divided by 6?
5
Let d = 17 - 23. Calculate the remainder when ((-2)/d)/(2/2166) is divided by 52.
49
Suppose -5*g + 80 = -3*g. Let r = 20 - -1. Calculate the remainder when g is divided by r.
19
Let d(q) = -q**2 - 5*q - 3. Let y be d(-4). Calculate the remainder when ((-194)/(-1))/2 - (y - 0) is divided by 49.
47
Let k = 5 - 2. Suppose -2*p = -g + 13 + 24, -k*p + 17 = g. What is the remainder when 57 is divided by g?
28
Suppose h - 5*h = -12. Suppose -2*y = -3*b - 45, -2*b + 60 = h*y - 5*b. What is the remainder when y is divided by 2?
1
Suppose -3*b = 5*x + 220 - 59, -x - 5*b - 41 = 0. Let s = -60 - x. Let j = -20 - s. Calculate the remainder when j is divided by 3.
0
What is the remainder when 152 is divided by (-2)/(-11) + (-2398)/(-121)?
12
What is the remainder when -2*(188/(-8) + 6) is divided by 12?
11
Let h = 226 + -45. Calculate the remainder when h is divided by 91.
90
Suppose -5*u = 89 - 19. What is the remainder when 64 is divided by (0 - 1)/(u/238)?
13
Let y(r) = 17*r**2 + 3 - 16*r**2 + 89*r - 94*r. Let f be -2*(18/(-4) - -1). Calculate the remainder when 84 is divided by y(f).
16
Suppose 8 = 3*o - 16. Suppose -o*a + 21 = -7*a. Calculate the remainder when a is divided by 8.
5
Suppose 0 = -4*s + 2*r + 2*r + 32, 26 = 4*s + 2*r. Suppose 3*n = s*k - 2*k + 7, -15 = -5*n + 5*k. Calculate the remainder when n is divided by 3.
1
Suppose 70*b = 74*b - 160. What is the remainder when b is divided by 6?
4
Suppose -5*l = b - 46, -3*l = -2*b - 8 - 17. Let q = 1019 - 948. What is the remainder when q is divided by l?
8
Let m be (-120)/(1/141*6*-1). Calculate the remainder when m/(-18)*6/(-4) is divided by 34.
31
Let y(t) be the second derivative of t**4/6 + 2*t**3/3 - 6*t**2 + 4*t. Calculate the remainder when y(-5) is divided by 5.
3
Suppose -45 - 3 = -6*u. What is the remainder when u/(-6)*(-756)/24 is divided by 11?
9
Suppose -5*u = -19*u + 252. What is the remainder when 267 is divided by u?
15
Suppose 3*x - 267 = 2*m + 52, 0 = 3*x - 4*m - 323. Suppose -1273*a + 1265*a = -216. C